NOAA-Style Climate Reports
Select a Year or Month report
2024: Jan Feb Mar Apr May Jun Jul Aug Sep Oct Nov Dec
2023: Jan Feb Mar Apr May Jun Jul Aug Sep Oct Nov Dec
2022: Jan Feb Mar Apr May Jun Jul Aug Sep Oct Nov Dec
2021: Jan Feb Mar Apr May Jun Jul Aug Sep Oct Nov Dec
2020: Jan Feb Mar Apr May Jun Jul Aug Sep Oct Nov Dec
2019: Jan Feb Mar Apr May Jun Jul Aug Sep Oct Nov Dec
2018: Jan Feb Mar Apr May Jun Jul Aug Sep Oct Nov Dec
2017: Jan Feb Mar Apr May Jun Jul Aug Sep Oct Nov Dec
2016: Jan Feb Mar Apr May Jun Jul Aug Sep Oct Nov Dec
2015: Jan Feb Mar Apr May Jun Jul Aug Sep Oct Nov Dec
2014: Jan Feb Mar Apr May Jun Jul Aug Sep Oct Nov Dec
2013: Jan Feb Mar Apr May Jun Jul Aug Sep Oct Nov Dec
2012: Jan Feb Mar Apr May Jun Jul Aug Sep Oct Nov Dec
2011: Jan Feb Mar Apr May Jun Jul Aug Sep Oct Nov Dec
2010: Jan Feb Mar Apr May Jun Jul Aug Sep Oct Nov Dec
2009: Jan Feb Mar Apr May Jun Jul Aug Sep Oct Nov Dec
2008: Jan Feb Mar Apr May Jun Jul Aug Sep Oct Nov Dec
2007: Jan Feb Mar Apr May Jun Jul Aug Sep Oct Nov Dec
2006: Jan Feb Mar Apr May Jun Jul Aug Sep Oct Nov Dec
2005: Jan Feb Mar Apr May Jun Jul Aug Sep Oct Nov Dec
2004: Jan Feb Mar Apr May Jun Jul Aug Sep Oct Nov Dec
2003: Jan Feb Mar Apr May Jun Jul Aug Sep Oct Nov Dec
2002: Jan Feb Mar Apr May Jun Jul Aug Sep Oct Nov Dec
2001: Jan Feb Mar Apr May Jun Jul Aug Sep Oct Nov Dec
2000: Jan Feb Mar Apr May Jun Jul Aug Sep Oct Nov Dec
1999: Jan Feb Mar Apr May Jun Jul Aug Sep Oct Nov Dec
1998: Jan Feb Mar Apr May Jun Jul Aug Sep Oct Nov Dec
1997: Jan Feb Mar Apr May Jun Jul Aug Sep Oct Nov Dec
1996: Jan Feb Mar Apr May Jun Jul Aug Sep Oct Nov Dec
1995: Jan Feb Mar Apr May Jun Jul Aug Sep Oct Nov Dec
1994: Jan Feb Mar Apr May Jun Jul Aug Sep Oct Nov Dec
1993: Jan Feb Mar Apr May Jun Jul Aug Sep Oct Nov Dec
1992: Jan Feb Mar Apr May Jun Jul Aug Sep Oct Nov Dec
1991: Jan Feb Mar Apr May Jun Jul Aug Sep Oct Nov Dec
1990: Jan Feb Mar Apr May Jun Jul Aug Sep Oct Nov Dec
1989: Jan Feb Mar Apr May Jun Jul Aug Sep Oct Nov Dec
1988: Jan Feb Mar Apr May Jun Jul Aug Sep Oct Nov Dec
1987: Jan Feb Mar Apr May Jun Jul Aug Sep Oct Nov Dec
1986: Jan Feb Mar Apr May Jun Jul Aug Sep Oct Nov Dec
1985: Jan Feb Mar Apr May Jun Jul Aug Sep Oct Nov Dec
1984: Jan Feb Mar Apr May Jun Jul Aug Sep Oct Nov Dec
1983: Jan Feb Mar Apr May Jun Jul Aug Sep Oct Nov Dec
1982: Jan Feb Mar Apr May Jun Jul Aug Sep Oct Nov Dec
1981: Jan Feb Mar Apr May Jun Jul Aug Sep Oct Nov Dec
1980: Jan Feb Mar Apr May Jun Jul Aug Sep Oct Nov Dec
1979: Jan Feb Mar Apr May Jun Jul Aug Sep Oct Nov Dec
1978: Jan Feb Mar Apr May Jun Jul Aug Sep Oct Nov Dec
1977: Jan Feb Mar Apr May Jun Jul Aug Sep Oct Nov Dec
1976: Jan Feb Mar Apr May Jun Jul Aug Sep Oct Nov Dec
2024: Jan Feb Mar Apr May Jun Jul Aug Sep Oct Nov Dec
2023: Jan Feb Mar Apr May Jun Jul Aug Sep Oct Nov Dec
2022: Jan Feb Mar Apr May Jun Jul Aug Sep Oct Nov Dec
2021: Jan Feb Mar Apr May Jun Jul Aug Sep Oct Nov Dec
2020: Jan Feb Mar Apr May Jun Jul Aug Sep Oct Nov Dec
2019: Jan Feb Mar Apr May Jun Jul Aug Sep Oct Nov Dec
2018: Jan Feb Mar Apr May Jun Jul Aug Sep Oct Nov Dec
2017: Jan Feb Mar Apr May Jun Jul Aug Sep Oct Nov Dec
2016: Jan Feb Mar Apr May Jun Jul Aug Sep Oct Nov Dec
2015: Jan Feb Mar Apr May Jun Jul Aug Sep Oct Nov Dec
2014: Jan Feb Mar Apr May Jun Jul Aug Sep Oct Nov Dec
2013: Jan Feb Mar Apr May Jun Jul Aug Sep Oct Nov Dec
2012: Jan Feb Mar Apr May Jun Jul Aug Sep Oct Nov Dec
2011: Jan Feb Mar Apr May Jun Jul Aug Sep Oct Nov Dec
2010: Jan Feb Mar Apr May Jun Jul Aug Sep Oct Nov Dec
2009: Jan Feb Mar Apr May Jun Jul Aug Sep Oct Nov Dec
2008: Jan Feb Mar Apr May Jun Jul Aug Sep Oct Nov Dec
2007: Jan Feb Mar Apr May Jun Jul Aug Sep Oct Nov Dec
2006: Jan Feb Mar Apr May Jun Jul Aug Sep Oct Nov Dec
2005: Jan Feb Mar Apr May Jun Jul Aug Sep Oct Nov Dec
2004: Jan Feb Mar Apr May Jun Jul Aug Sep Oct Nov Dec
2003: Jan Feb Mar Apr May Jun Jul Aug Sep Oct Nov Dec
2002: Jan Feb Mar Apr May Jun Jul Aug Sep Oct Nov Dec
2001: Jan Feb Mar Apr May Jun Jul Aug Sep Oct Nov Dec
2000: Jan Feb Mar Apr May Jun Jul Aug Sep Oct Nov Dec
1999: Jan Feb Mar Apr May Jun Jul Aug Sep Oct Nov Dec
1998: Jan Feb Mar Apr May Jun Jul Aug Sep Oct Nov Dec
1997: Jan Feb Mar Apr May Jun Jul Aug Sep Oct Nov Dec
1996: Jan Feb Mar Apr May Jun Jul Aug Sep Oct Nov Dec
1995: Jan Feb Mar Apr May Jun Jul Aug Sep Oct Nov Dec
1994: Jan Feb Mar Apr May Jun Jul Aug Sep Oct Nov Dec
1993: Jan Feb Mar Apr May Jun Jul Aug Sep Oct Nov Dec
1992: Jan Feb Mar Apr May Jun Jul Aug Sep Oct Nov Dec
1991: Jan Feb Mar Apr May Jun Jul Aug Sep Oct Nov Dec
1990: Jan Feb Mar Apr May Jun Jul Aug Sep Oct Nov Dec
1989: Jan Feb Mar Apr May Jun Jul Aug Sep Oct Nov Dec
1988: Jan Feb Mar Apr May Jun Jul Aug Sep Oct Nov Dec
1987: Jan Feb Mar Apr May Jun Jul Aug Sep Oct Nov Dec
1986: Jan Feb Mar Apr May Jun Jul Aug Sep Oct Nov Dec
1985: Jan Feb Mar Apr May Jun Jul Aug Sep Oct Nov Dec
1984: Jan Feb Mar Apr May Jun Jul Aug Sep Oct Nov Dec
1983: Jan Feb Mar Apr May Jun Jul Aug Sep Oct Nov Dec
1982: Jan Feb Mar Apr May Jun Jul Aug Sep Oct Nov Dec
1981: Jan Feb Mar Apr May Jun Jul Aug Sep Oct Nov Dec
1980: Jan Feb Mar Apr May Jun Jul Aug Sep Oct Nov Dec
1979: Jan Feb Mar Apr May Jun Jul Aug Sep Oct Nov Dec
1978: Jan Feb Mar Apr May Jun Jul Aug Sep Oct Nov Dec
1977: Jan Feb Mar Apr May Jun Jul Aug Sep Oct Nov Dec
1976: Jan Feb Mar Apr May Jun Jul Aug Sep Oct Nov Dec
Report for 2024 April
MONTHLY CLIMATOLOGICAL SUMMARY for Apr 2024 NAME: South Suburban, Klamath Falls, OR ELEV: 4104 feet LAT: 42-10.84 N LONG: 121-44.16 W TEMPERATURE (F), RAIN (in), WIND SPEED (mph) HEAT COOL AVG MEAN DEG DEG WIND DOM DAY TEMP HIGH TIME LOW TIME DAYS DAYS RAIN SPEED HIGH TIME DIR --------------------------------------------------------------------------------------- 01 46.8 66.1 16:47 25.8 06:28 18.2 0.0 0.00 1.4 12.0 14:50 325 02 53.2 73.8 15:22 32.6 07:17 11.8 0.0 0.00 0.9 12.0 16:58 217 03 42.6 55.1 11:40 34.4 23:57 22.4 0.0 0.17 1.2 16.0 13:10 232 04 35.7 44.1 14:40 29.7 07:32 29.3 0.0 0.00 2.2 16.0 18:09 336 05 33.5 41.2 14:22 27.6 23:58 31.5 0.0 0.00 2.3 15.0 15:46 338 06 34.6 47.2 14:57 23.5 02:37 30.4 0.0 0.00 1.0 12.0 14:55 267 07 38.7 51.4 13:57 30.6 00:00 26.3 0.0 0.11 1.4 11.0 16:54 326 08 41.1 58.3 15:56 23.7 06:53 23.9 0.0 0.00 1.0 10.0 17:10 296 09 46.6 64.6 15:10 29.1 06:14 18.4 0.0 0.00 1.3 13.0 18:06 334 10 49.1 69.7 17:37 28.7 07:03 15.9 0.0 0.00 0.9 12.0 19:18 253 11 51.0 70.6 15:11 32.1 07:02 14.0 0.0 0.00 1.2 13.0 15:46 257 12 43.9 53.4 10:50 33.9 05:12 21.1 0.0 0.04 0.9 11.0 11:52 347 13 46.8 56.0 12:24 41.3 06:33 18.2 0.0 0.31 1.7 15.0 22:35 308 14 41.6 45.9 07:13 35.9 23:56 23.4 0.0 0.82 2.3 14.0 03:08 335 15 43.7 59.7 15:20 33.1 02:17 21.3 0.0 0.00 1.5 15.0 18:05 302 16 43.3 60.1 14:09 28.7 06:31 21.7 0.0 0.00 1.9 16.0 13:53 324 17 42.1 56.2 17:12 27.0 06:44 22.9 0.0 0.00 1.1 11.0 08:27 15 18 47.0 65.8 18:21 27.0 06:39 18.0 0.0 0.00 0.9 10.0 23:58 298 19 51.5 67.5 14:42 39.2 06:06 13.5 0.0 0.00 2.2 10.0 00:00 337 20 36.8 42.2 00:00 33.9 06:04 28.2 0.0 0.00 0.0 2.0 04:10 N/A 21 22 23 24 25 26 27 28 29 30 --------------------------------------------------------------------------------------- 43.7 73.8 02 23.5 06 430.5 0.0 1.45 1.4 16.0 03 321