NOAA-Style Climate Reports
Select a Year or Month report
2024: Jan Feb Mar Apr May Jun Jul Aug Sep Oct Nov Dec
2023: Jan Feb Mar Apr May Jun Jul Aug Sep Oct Nov Dec
2022: Jan Feb Mar Apr May Jun Jul Aug Sep Oct Nov Dec
2021: Jan Feb Mar Apr May Jun Jul Aug Sep Oct Nov Dec
2020: Jan Feb Mar Apr May Jun Jul Aug Sep Oct Nov Dec
2019: Jan Feb Mar Apr May Jun Jul Aug Sep Oct Nov Dec
2018: Jan Feb Mar Apr May Jun Jul Aug Sep Oct Nov Dec
2017: Jan Feb Mar Apr May Jun Jul Aug Sep Oct Nov Dec
2016: Jan Feb Mar Apr May Jun Jul Aug Sep Oct Nov Dec
2015: Jan Feb Mar Apr May Jun Jul Aug Sep Oct Nov Dec
2014: Jan Feb Mar Apr May Jun Jul Aug Sep Oct Nov Dec
2013: Jan Feb Mar Apr May Jun Jul Aug Sep Oct Nov Dec
2012: Jan Feb Mar Apr May Jun Jul Aug Sep Oct Nov Dec
2011: Jan Feb Mar Apr May Jun Jul Aug Sep Oct Nov Dec
2010: Jan Feb Mar Apr May Jun Jul Aug Sep Oct Nov Dec
2009: Jan Feb Mar Apr May Jun Jul Aug Sep Oct Nov Dec
2008: Jan Feb Mar Apr May Jun Jul Aug Sep Oct Nov Dec
2007: Jan Feb Mar Apr May Jun Jul Aug Sep Oct Nov Dec
2006: Jan Feb Mar Apr May Jun Jul Aug Sep Oct Nov Dec
2005: Jan Feb Mar Apr May Jun Jul Aug Sep Oct Nov Dec
2004: Jan Feb Mar Apr May Jun Jul Aug Sep Oct Nov Dec
2003: Jan Feb Mar Apr May Jun Jul Aug Sep Oct Nov Dec
2002: Jan Feb Mar Apr May Jun Jul Aug Sep Oct Nov Dec
2001: Jan Feb Mar Apr May Jun Jul Aug Sep Oct Nov Dec
2000: Jan Feb Mar Apr May Jun Jul Aug Sep Oct Nov Dec
1999: Jan Feb Mar Apr May Jun Jul Aug Sep Oct Nov Dec
1998: Jan Feb Mar Apr May Jun Jul Aug Sep Oct Nov Dec
1997: Jan Feb Mar Apr May Jun Jul Aug Sep Oct Nov Dec
1996: Jan Feb Mar Apr May Jun Jul Aug Sep Oct Nov Dec
1995: Jan Feb Mar Apr May Jun Jul Aug Sep Oct Nov Dec
1994: Jan Feb Mar Apr May Jun Jul Aug Sep Oct Nov Dec
1993: Jan Feb Mar Apr May Jun Jul Aug Sep Oct Nov Dec
1992: Jan Feb Mar Apr May Jun Jul Aug Sep Oct Nov Dec
1991: Jan Feb Mar Apr May Jun Jul Aug Sep Oct Nov Dec
1990: Jan Feb Mar Apr May Jun Jul Aug Sep Oct Nov Dec
1989: Jan Feb Mar Apr May Jun Jul Aug Sep Oct Nov Dec
1988: Jan Feb Mar Apr May Jun Jul Aug Sep Oct Nov Dec
1987: Jan Feb Mar Apr May Jun Jul Aug Sep Oct Nov Dec
1986: Jan Feb Mar Apr May Jun Jul Aug Sep Oct Nov Dec
1985: Jan Feb Mar Apr May Jun Jul Aug Sep Oct Nov Dec
1984: Jan Feb Mar Apr May Jun Jul Aug Sep Oct Nov Dec
1983: Jan Feb Mar Apr May Jun Jul Aug Sep Oct Nov Dec
1982: Jan Feb Mar Apr May Jun Jul Aug Sep Oct Nov Dec
1981: Jan Feb Mar Apr May Jun Jul Aug Sep Oct Nov Dec
1980: Jan Feb Mar Apr May Jun Jul Aug Sep Oct Nov Dec
1979: Jan Feb Mar Apr May Jun Jul Aug Sep Oct Nov Dec
1978: Jan Feb Mar Apr May Jun Jul Aug Sep Oct Nov Dec
1977: Jan Feb Mar Apr May Jun Jul Aug Sep Oct Nov Dec
1976: Jan Feb Mar Apr May Jun Jul Aug Sep Oct Nov Dec
2024: Jan Feb Mar Apr May Jun Jul Aug Sep Oct Nov Dec
2023: Jan Feb Mar Apr May Jun Jul Aug Sep Oct Nov Dec
2022: Jan Feb Mar Apr May Jun Jul Aug Sep Oct Nov Dec
2021: Jan Feb Mar Apr May Jun Jul Aug Sep Oct Nov Dec
2020: Jan Feb Mar Apr May Jun Jul Aug Sep Oct Nov Dec
2019: Jan Feb Mar Apr May Jun Jul Aug Sep Oct Nov Dec
2018: Jan Feb Mar Apr May Jun Jul Aug Sep Oct Nov Dec
2017: Jan Feb Mar Apr May Jun Jul Aug Sep Oct Nov Dec
2016: Jan Feb Mar Apr May Jun Jul Aug Sep Oct Nov Dec
2015: Jan Feb Mar Apr May Jun Jul Aug Sep Oct Nov Dec
2014: Jan Feb Mar Apr May Jun Jul Aug Sep Oct Nov Dec
2013: Jan Feb Mar Apr May Jun Jul Aug Sep Oct Nov Dec
2012: Jan Feb Mar Apr May Jun Jul Aug Sep Oct Nov Dec
2011: Jan Feb Mar Apr May Jun Jul Aug Sep Oct Nov Dec
2010: Jan Feb Mar Apr May Jun Jul Aug Sep Oct Nov Dec
2009: Jan Feb Mar Apr May Jun Jul Aug Sep Oct Nov Dec
2008: Jan Feb Mar Apr May Jun Jul Aug Sep Oct Nov Dec
2007: Jan Feb Mar Apr May Jun Jul Aug Sep Oct Nov Dec
2006: Jan Feb Mar Apr May Jun Jul Aug Sep Oct Nov Dec
2005: Jan Feb Mar Apr May Jun Jul Aug Sep Oct Nov Dec
2004: Jan Feb Mar Apr May Jun Jul Aug Sep Oct Nov Dec
2003: Jan Feb Mar Apr May Jun Jul Aug Sep Oct Nov Dec
2002: Jan Feb Mar Apr May Jun Jul Aug Sep Oct Nov Dec
2001: Jan Feb Mar Apr May Jun Jul Aug Sep Oct Nov Dec
2000: Jan Feb Mar Apr May Jun Jul Aug Sep Oct Nov Dec
1999: Jan Feb Mar Apr May Jun Jul Aug Sep Oct Nov Dec
1998: Jan Feb Mar Apr May Jun Jul Aug Sep Oct Nov Dec
1997: Jan Feb Mar Apr May Jun Jul Aug Sep Oct Nov Dec
1996: Jan Feb Mar Apr May Jun Jul Aug Sep Oct Nov Dec
1995: Jan Feb Mar Apr May Jun Jul Aug Sep Oct Nov Dec
1994: Jan Feb Mar Apr May Jun Jul Aug Sep Oct Nov Dec
1993: Jan Feb Mar Apr May Jun Jul Aug Sep Oct Nov Dec
1992: Jan Feb Mar Apr May Jun Jul Aug Sep Oct Nov Dec
1991: Jan Feb Mar Apr May Jun Jul Aug Sep Oct Nov Dec
1990: Jan Feb Mar Apr May Jun Jul Aug Sep Oct Nov Dec
1989: Jan Feb Mar Apr May Jun Jul Aug Sep Oct Nov Dec
1988: Jan Feb Mar Apr May Jun Jul Aug Sep Oct Nov Dec
1987: Jan Feb Mar Apr May Jun Jul Aug Sep Oct Nov Dec
1986: Jan Feb Mar Apr May Jun Jul Aug Sep Oct Nov Dec
1985: Jan Feb Mar Apr May Jun Jul Aug Sep Oct Nov Dec
1984: Jan Feb Mar Apr May Jun Jul Aug Sep Oct Nov Dec
1983: Jan Feb Mar Apr May Jun Jul Aug Sep Oct Nov Dec
1982: Jan Feb Mar Apr May Jun Jul Aug Sep Oct Nov Dec
1981: Jan Feb Mar Apr May Jun Jul Aug Sep Oct Nov Dec
1980: Jan Feb Mar Apr May Jun Jul Aug Sep Oct Nov Dec
1979: Jan Feb Mar Apr May Jun Jul Aug Sep Oct Nov Dec
1978: Jan Feb Mar Apr May Jun Jul Aug Sep Oct Nov Dec
1977: Jan Feb Mar Apr May Jun Jul Aug Sep Oct Nov Dec
1976: Jan Feb Mar Apr May Jun Jul Aug Sep Oct Nov Dec
Report for 2020
CLIMATOLOGICAL SUMMARY for year 2020 NAME: South Suburban, Klamath Falls, OR ELEV: 4104 feet LAT: 42-10.84 N LONG: 121-44.16 W TEMPERATURE (F) HEAT COOL MAX MAX MIN MIN MEAN MEAN DEG DEG >= <= <= <= YR MO MAX MIN MEAN DAYS DAYS HI DAY LOW DAY 90 32 32 0 ------------------------------------------------------------------------------------------------ 2020 01 42.7 26.9 34.5 946.3 0.0 60.0 31 6.4 15 0 1 27 0 2020 02 53.0 23.2 36.4 830.2 0.0 66.0 27 12.8 03 0 0 29 0 2020 03 52.1 27.2 38.6 818.2 0.0 66.3 03 16.4 26 0 0 26 0 2020 04 62.7 33.5 48.0 508.7 0.0 81.7 28 19.8 02 0 0 12 0 2020 05 69.8 40.6 54.5 352.2 27.4 92.2 28 26.9 03 1 0 5 0 2020 06 77.2 46.0 61.6 171.6 70.6 99.7 23 31.6 17 5 0 1 0 2020 07 89.7 50.0 69.9 25.6 176.7 100.5 21 36.7 02 17 0 0 0 2020 08 89.5 51.7 69.8 5.1 154.4 98.9 15 41.6 07 16 0 0 0 2020 09 86.2 44.5 63.3 107.5 56.8 106.0 03 37.2 27 11 0 0 0 2020 10 73.6 33.6 50.8 439.7 0.0 97.7 01 17.1 26 2 0 9 0 2020 11 51.0 26.4 36.8 846.5 0.0 82.0 02 15.0 12 0 0 24 0 2020 12 43.8 23.2 32.2 1015.9 0.0 58.5 08 11.3 29 0 1 29 0 ------------------------------------------------------------------------------------------------ 66.0 35.6 49.7 6067.5 485.9 106.0 Sep 6.4 Jan 52 2 162 0 PRECIPITATION (in) MAX ---DAYS OF RAIN--- OBS. OVER YR MO TOTAL DAY DATE 0.01 0.10 1.00 ------------------------------------------------ 2020 01 2.27 0.46 18 28 6 0 2020 02 0.18 0.14 16 4 1 0 2020 03 1.00 0.24 18 15 3 0 2020 04 0.30 0.14 04 5 1 0 2020 05 1.41 0.40 17 9 6 0 2020 06 0.14 0.06 16 4 0 0 2020 07 0.03 0.03 27 1 0 0 2020 08 0.38 0.38 05 1 1 0 2020 09 0.04 0.04 18 1 0 0 2020 10 0.06 0.06 10 1 0 0 2020 11 1.87 0.94 15 16 4 0 2020 12 0.93 0.25 16 16 3 0 ------------------------------------------------ 8.61 0.94 Nov 101 25 0 WIND SPEED (mph) DOM YR MO AVG HI DATE DIR ----------------------------------- 2020 01 1.5 31.0 01 228 2020 02 1.6 28.0 23 294 2020 03 1.8 26.0 30 270 2020 04 2.2 22.0 11 303 2020 05 2.1 28.0 02 282 2020 06 2.4 31.0 06 299 2020 07 2.1 24.0 12 305 2020 08 1.6 21.0 06 307 2020 09 1.0 20.0 08 286 2020 10 1.1 21.0 25 307 2020 11 1.4 38.0 17 274 2020 12 1.0 30.0 25 291 ----------------------------------- 1.7 38.0 Nov 290