NOAA-Style Climate Reports
Select a Year or Month report
2024: Jan Feb Mar Apr May Jun Jul Aug Sep Oct Nov Dec
2023: Jan Feb Mar Apr May Jun Jul Aug Sep Oct Nov Dec
2022: Jan Feb Mar Apr May Jun Jul Aug Sep Oct Nov Dec
2021: Jan Feb Mar Apr May Jun Jul Aug Sep Oct Nov Dec
2020: Jan Feb Mar Apr May Jun Jul Aug Sep Oct Nov Dec
2019: Jan Feb Mar Apr May Jun Jul Aug Sep Oct Nov Dec
2018: Jan Feb Mar Apr May Jun Jul Aug Sep Oct Nov Dec
2017: Jan Feb Mar Apr May Jun Jul Aug Sep Oct Nov Dec
2016: Jan Feb Mar Apr May Jun Jul Aug Sep Oct Nov Dec
2015: Jan Feb Mar Apr May Jun Jul Aug Sep Oct Nov Dec
2014: Jan Feb Mar Apr May Jun Jul Aug Sep Oct Nov Dec
2013: Jan Feb Mar Apr May Jun Jul Aug Sep Oct Nov Dec
2012: Jan Feb Mar Apr May Jun Jul Aug Sep Oct Nov Dec
2011: Jan Feb Mar Apr May Jun Jul Aug Sep Oct Nov Dec
2010: Jan Feb Mar Apr May Jun Jul Aug Sep Oct Nov Dec
2009: Jan Feb Mar Apr May Jun Jul Aug Sep Oct Nov Dec
2008: Jan Feb Mar Apr May Jun Jul Aug Sep Oct Nov Dec
2007: Jan Feb Mar Apr May Jun Jul Aug Sep Oct Nov Dec
2006: Jan Feb Mar Apr May Jun Jul Aug Sep Oct Nov Dec
2005: Jan Feb Mar Apr May Jun Jul Aug Sep Oct Nov Dec
2004: Jan Feb Mar Apr May Jun Jul Aug Sep Oct Nov Dec
2003: Jan Feb Mar Apr May Jun Jul Aug Sep Oct Nov Dec
2002: Jan Feb Mar Apr May Jun Jul Aug Sep Oct Nov Dec
2001: Jan Feb Mar Apr May Jun Jul Aug Sep Oct Nov Dec
2000: Jan Feb Mar Apr May Jun Jul Aug Sep Oct Nov Dec
1999: Jan Feb Mar Apr May Jun Jul Aug Sep Oct Nov Dec
1998: Jan Feb Mar Apr May Jun Jul Aug Sep Oct Nov Dec
1997: Jan Feb Mar Apr May Jun Jul Aug Sep Oct Nov Dec
1996: Jan Feb Mar Apr May Jun Jul Aug Sep Oct Nov Dec
1995: Jan Feb Mar Apr May Jun Jul Aug Sep Oct Nov Dec
1994: Jan Feb Mar Apr May Jun Jul Aug Sep Oct Nov Dec
1993: Jan Feb Mar Apr May Jun Jul Aug Sep Oct Nov Dec
1992: Jan Feb Mar Apr May Jun Jul Aug Sep Oct Nov Dec
1991: Jan Feb Mar Apr May Jun Jul Aug Sep Oct Nov Dec
1990: Jan Feb Mar Apr May Jun Jul Aug Sep Oct Nov Dec
1989: Jan Feb Mar Apr May Jun Jul Aug Sep Oct Nov Dec
1988: Jan Feb Mar Apr May Jun Jul Aug Sep Oct Nov Dec
1987: Jan Feb Mar Apr May Jun Jul Aug Sep Oct Nov Dec
1986: Jan Feb Mar Apr May Jun Jul Aug Sep Oct Nov Dec
1985: Jan Feb Mar Apr May Jun Jul Aug Sep Oct Nov Dec
1984: Jan Feb Mar Apr May Jun Jul Aug Sep Oct Nov Dec
1983: Jan Feb Mar Apr May Jun Jul Aug Sep Oct Nov Dec
1982: Jan Feb Mar Apr May Jun Jul Aug Sep Oct Nov Dec
1981: Jan Feb Mar Apr May Jun Jul Aug Sep Oct Nov Dec
1980: Jan Feb Mar Apr May Jun Jul Aug Sep Oct Nov Dec
1979: Jan Feb Mar Apr May Jun Jul Aug Sep Oct Nov Dec
1978: Jan Feb Mar Apr May Jun Jul Aug Sep Oct Nov Dec
1977: Jan Feb Mar Apr May Jun Jul Aug Sep Oct Nov Dec
1976: Jan Feb Mar Apr May Jun Jul Aug Sep Oct Nov Dec
2024: Jan Feb Mar Apr May Jun Jul Aug Sep Oct Nov Dec
2023: Jan Feb Mar Apr May Jun Jul Aug Sep Oct Nov Dec
2022: Jan Feb Mar Apr May Jun Jul Aug Sep Oct Nov Dec
2021: Jan Feb Mar Apr May Jun Jul Aug Sep Oct Nov Dec
2020: Jan Feb Mar Apr May Jun Jul Aug Sep Oct Nov Dec
2019: Jan Feb Mar Apr May Jun Jul Aug Sep Oct Nov Dec
2018: Jan Feb Mar Apr May Jun Jul Aug Sep Oct Nov Dec
2017: Jan Feb Mar Apr May Jun Jul Aug Sep Oct Nov Dec
2016: Jan Feb Mar Apr May Jun Jul Aug Sep Oct Nov Dec
2015: Jan Feb Mar Apr May Jun Jul Aug Sep Oct Nov Dec
2014: Jan Feb Mar Apr May Jun Jul Aug Sep Oct Nov Dec
2013: Jan Feb Mar Apr May Jun Jul Aug Sep Oct Nov Dec
2012: Jan Feb Mar Apr May Jun Jul Aug Sep Oct Nov Dec
2011: Jan Feb Mar Apr May Jun Jul Aug Sep Oct Nov Dec
2010: Jan Feb Mar Apr May Jun Jul Aug Sep Oct Nov Dec
2009: Jan Feb Mar Apr May Jun Jul Aug Sep Oct Nov Dec
2008: Jan Feb Mar Apr May Jun Jul Aug Sep Oct Nov Dec
2007: Jan Feb Mar Apr May Jun Jul Aug Sep Oct Nov Dec
2006: Jan Feb Mar Apr May Jun Jul Aug Sep Oct Nov Dec
2005: Jan Feb Mar Apr May Jun Jul Aug Sep Oct Nov Dec
2004: Jan Feb Mar Apr May Jun Jul Aug Sep Oct Nov Dec
2003: Jan Feb Mar Apr May Jun Jul Aug Sep Oct Nov Dec
2002: Jan Feb Mar Apr May Jun Jul Aug Sep Oct Nov Dec
2001: Jan Feb Mar Apr May Jun Jul Aug Sep Oct Nov Dec
2000: Jan Feb Mar Apr May Jun Jul Aug Sep Oct Nov Dec
1999: Jan Feb Mar Apr May Jun Jul Aug Sep Oct Nov Dec
1998: Jan Feb Mar Apr May Jun Jul Aug Sep Oct Nov Dec
1997: Jan Feb Mar Apr May Jun Jul Aug Sep Oct Nov Dec
1996: Jan Feb Mar Apr May Jun Jul Aug Sep Oct Nov Dec
1995: Jan Feb Mar Apr May Jun Jul Aug Sep Oct Nov Dec
1994: Jan Feb Mar Apr May Jun Jul Aug Sep Oct Nov Dec
1993: Jan Feb Mar Apr May Jun Jul Aug Sep Oct Nov Dec
1992: Jan Feb Mar Apr May Jun Jul Aug Sep Oct Nov Dec
1991: Jan Feb Mar Apr May Jun Jul Aug Sep Oct Nov Dec
1990: Jan Feb Mar Apr May Jun Jul Aug Sep Oct Nov Dec
1989: Jan Feb Mar Apr May Jun Jul Aug Sep Oct Nov Dec
1988: Jan Feb Mar Apr May Jun Jul Aug Sep Oct Nov Dec
1987: Jan Feb Mar Apr May Jun Jul Aug Sep Oct Nov Dec
1986: Jan Feb Mar Apr May Jun Jul Aug Sep Oct Nov Dec
1985: Jan Feb Mar Apr May Jun Jul Aug Sep Oct Nov Dec
1984: Jan Feb Mar Apr May Jun Jul Aug Sep Oct Nov Dec
1983: Jan Feb Mar Apr May Jun Jul Aug Sep Oct Nov Dec
1982: Jan Feb Mar Apr May Jun Jul Aug Sep Oct Nov Dec
1981: Jan Feb Mar Apr May Jun Jul Aug Sep Oct Nov Dec
1980: Jan Feb Mar Apr May Jun Jul Aug Sep Oct Nov Dec
1979: Jan Feb Mar Apr May Jun Jul Aug Sep Oct Nov Dec
1978: Jan Feb Mar Apr May Jun Jul Aug Sep Oct Nov Dec
1977: Jan Feb Mar Apr May Jun Jul Aug Sep Oct Nov Dec
1976: Jan Feb Mar Apr May Jun Jul Aug Sep Oct Nov Dec
Report for 2020 June
MONTHLY CLIMATOLOGICAL SUMMARY for Jun 2020 NAME: South Suburban, Klamath Falls, OR ELEV: 4104 feet LAT: 42-10.84 N LONG: 121-44.16 W TEMPERATURE (F), RAIN (in), WIND SPEED (mph) HEAT COOL AVG MEAN DEG DEG WIND DOM DAY TEMP HIGH TIME LOW TIME DAYS DAYS RAIN SPEED HIGH TIME DIR --------------------------------------------------------------------------------------- 01 60.7 74.2 17:23 48.8 05:03 4.3 0.0 0.00 1.4 14.0 15:05 291 02 65.4 84.4 16:28 44.5 05:48 0.0 0.4 0.00 1.9 16.0 16:30 296 03 66.6 84.0 15:38 47.6 06:02 0.0 1.6 0.00 2.5 18.0 16:00 265 04 65.6 83.4 17:03 46.0 06:09 0.0 0.6 0.00 1.8 14.0 18:39 301 05 60.3 75.2 12:08 46.9 05:58 4.7 0.0 0.00 2.5 19.0 15:59 296 06 46.9 58.1 14:02 36.9 23:59 18.1 0.0 0.03 3.6 31.0 18:20 289 07 41.8 53.6 15:19 34.8 05:49 23.2 0.0 0.00 3.9 23.0 11:15 301 08 49.1 64.4 17:37 32.8 04:00 15.9 0.0 0.00 1.9 17.0 16:09 247 09 58.6 74.9 17:12 40.4 05:41 6.4 0.0 0.00 1.9 17.0 15:13 273 10 62.2 81.0 15:15 42.3 06:10 2.8 0.0 0.00 1.3 15.0 16:55 263 11 64.7 81.1 13:39 48.2 05:47 0.3 0.0 0.00 1.5 18.0 15:14 182 12 59.0 71.7 14:25 46.7 06:05 6.0 0.0 0.00 1.7 18.0 15:44 265 13 49.6 58.6 18:18 42.7 08:42 15.4 0.0 0.04 2.2 15.0 12:08 274 14 54.9 68.9 18:08 42.1 03:03 10.1 0.0 0.00 2.2 17.0 15:37 228 15 52.6 61.0 14:26 46.1 23:57 12.4 0.0 0.00 1.9 16.0 13:58 263 16 47.3 57.5 15:28 38.0 06:01 17.7 0.0 0.06 2.6 23.0 16:31 295 17 54.5 75.7 17:50 31.6 05:56 10.5 0.0 0.01 1.4 11.0 16:23 312 18 65.4 83.8 16:38 44.6 05:45 0.0 0.4 0.00 1.5 10.0 01:39 327 19 69.1 91.3 16:23 46.0 06:00 0.0 4.1 0.00 1.7 16.0 19:04 315 20 70.8 85.2 14:58 55.8 06:26 0.0 5.8 0.00 2.4 21.0 14:39 293 21 68.8 88.1 15:41 50.7 05:52 0.0 3.8 0.00 1.9 15.0 18:21 307 22 73.7 93.4 16:42 53.6 06:24 0.0 8.7 0.00 2.0 14.0 23:45 318 23 79.2 99.7 16:42 59.6 05:56 0.0 14.2 0.00 2.5 19.0 19:30 314 24 71.9 84.0 13:02 58.9 05:59 0.0 6.9 0.00 2.9 17.0 17:41 315 25 73.4 92.2 16:14 55.1 06:06 0.0 8.4 0.00 2.6 12.0 17:50 318 26 78.0 96.4 16:13 60.6 05:51 0.0 13.0 0.00 2.5 17.0 18:05 318 27 67.9 82.6 14:43 52.0 05:59 0.0 2.9 0.00 3.3 21.0 16:04 317 28 53.6 62.3 14:37 43.0 04:51 11.4 0.0 0.00 5.4 28.0 14:05 317 29 57.8 73.2 15:48 42.2 05:52 7.2 0.0 0.00 3.7 20.0 16:14 311 30 59.5 75.2 14:55 41.3 05:51 5.5 0.0 0.00 2.4 20.0 18:03 316 --------------------------------------------------------------------------------------- 61.6 99.7 23 31.6 17 171.6 70.6 0.14 2.4 31.0 06 299