NOAA-Style Climate Reports
Select a Year or Month report
2024: Jan Feb Mar Apr May Jun Jul Aug Sep Oct Nov Dec
2023: Jan Feb Mar Apr May Jun Jul Aug Sep Oct Nov Dec
2022: Jan Feb Mar Apr May Jun Jul Aug Sep Oct Nov Dec
2021: Jan Feb Mar Apr May Jun Jul Aug Sep Oct Nov Dec
2020: Jan Feb Mar Apr May Jun Jul Aug Sep Oct Nov Dec
2019: Jan Feb Mar Apr May Jun Jul Aug Sep Oct Nov Dec
2018: Jan Feb Mar Apr May Jun Jul Aug Sep Oct Nov Dec
2017: Jan Feb Mar Apr May Jun Jul Aug Sep Oct Nov Dec
2016: Jan Feb Mar Apr May Jun Jul Aug Sep Oct Nov Dec
2015: Jan Feb Mar Apr May Jun Jul Aug Sep Oct Nov Dec
2014: Jan Feb Mar Apr May Jun Jul Aug Sep Oct Nov Dec
2013: Jan Feb Mar Apr May Jun Jul Aug Sep Oct Nov Dec
2012: Jan Feb Mar Apr May Jun Jul Aug Sep Oct Nov Dec
2011: Jan Feb Mar Apr May Jun Jul Aug Sep Oct Nov Dec
2010: Jan Feb Mar Apr May Jun Jul Aug Sep Oct Nov Dec
2009: Jan Feb Mar Apr May Jun Jul Aug Sep Oct Nov Dec
2008: Jan Feb Mar Apr May Jun Jul Aug Sep Oct Nov Dec
2007: Jan Feb Mar Apr May Jun Jul Aug Sep Oct Nov Dec
2006: Jan Feb Mar Apr May Jun Jul Aug Sep Oct Nov Dec
2005: Jan Feb Mar Apr May Jun Jul Aug Sep Oct Nov Dec
2004: Jan Feb Mar Apr May Jun Jul Aug Sep Oct Nov Dec
2003: Jan Feb Mar Apr May Jun Jul Aug Sep Oct Nov Dec
2002: Jan Feb Mar Apr May Jun Jul Aug Sep Oct Nov Dec
2001: Jan Feb Mar Apr May Jun Jul Aug Sep Oct Nov Dec
2000: Jan Feb Mar Apr May Jun Jul Aug Sep Oct Nov Dec
1999: Jan Feb Mar Apr May Jun Jul Aug Sep Oct Nov Dec
1998: Jan Feb Mar Apr May Jun Jul Aug Sep Oct Nov Dec
1997: Jan Feb Mar Apr May Jun Jul Aug Sep Oct Nov Dec
1996: Jan Feb Mar Apr May Jun Jul Aug Sep Oct Nov Dec
1995: Jan Feb Mar Apr May Jun Jul Aug Sep Oct Nov Dec
1994: Jan Feb Mar Apr May Jun Jul Aug Sep Oct Nov Dec
1993: Jan Feb Mar Apr May Jun Jul Aug Sep Oct Nov Dec
1992: Jan Feb Mar Apr May Jun Jul Aug Sep Oct Nov Dec
1991: Jan Feb Mar Apr May Jun Jul Aug Sep Oct Nov Dec
1990: Jan Feb Mar Apr May Jun Jul Aug Sep Oct Nov Dec
1989: Jan Feb Mar Apr May Jun Jul Aug Sep Oct Nov Dec
1988: Jan Feb Mar Apr May Jun Jul Aug Sep Oct Nov Dec
1987: Jan Feb Mar Apr May Jun Jul Aug Sep Oct Nov Dec
1986: Jan Feb Mar Apr May Jun Jul Aug Sep Oct Nov Dec
1985: Jan Feb Mar Apr May Jun Jul Aug Sep Oct Nov Dec
1984: Jan Feb Mar Apr May Jun Jul Aug Sep Oct Nov Dec
1983: Jan Feb Mar Apr May Jun Jul Aug Sep Oct Nov Dec
1982: Jan Feb Mar Apr May Jun Jul Aug Sep Oct Nov Dec
1981: Jan Feb Mar Apr May Jun Jul Aug Sep Oct Nov Dec
1980: Jan Feb Mar Apr May Jun Jul Aug Sep Oct Nov Dec
1979: Jan Feb Mar Apr May Jun Jul Aug Sep Oct Nov Dec
1978: Jan Feb Mar Apr May Jun Jul Aug Sep Oct Nov Dec
1977: Jan Feb Mar Apr May Jun Jul Aug Sep Oct Nov Dec
1976: Jan Feb Mar Apr May Jun Jul Aug Sep Oct Nov Dec
2024: Jan Feb Mar Apr May Jun Jul Aug Sep Oct Nov Dec
2023: Jan Feb Mar Apr May Jun Jul Aug Sep Oct Nov Dec
2022: Jan Feb Mar Apr May Jun Jul Aug Sep Oct Nov Dec
2021: Jan Feb Mar Apr May Jun Jul Aug Sep Oct Nov Dec
2020: Jan Feb Mar Apr May Jun Jul Aug Sep Oct Nov Dec
2019: Jan Feb Mar Apr May Jun Jul Aug Sep Oct Nov Dec
2018: Jan Feb Mar Apr May Jun Jul Aug Sep Oct Nov Dec
2017: Jan Feb Mar Apr May Jun Jul Aug Sep Oct Nov Dec
2016: Jan Feb Mar Apr May Jun Jul Aug Sep Oct Nov Dec
2015: Jan Feb Mar Apr May Jun Jul Aug Sep Oct Nov Dec
2014: Jan Feb Mar Apr May Jun Jul Aug Sep Oct Nov Dec
2013: Jan Feb Mar Apr May Jun Jul Aug Sep Oct Nov Dec
2012: Jan Feb Mar Apr May Jun Jul Aug Sep Oct Nov Dec
2011: Jan Feb Mar Apr May Jun Jul Aug Sep Oct Nov Dec
2010: Jan Feb Mar Apr May Jun Jul Aug Sep Oct Nov Dec
2009: Jan Feb Mar Apr May Jun Jul Aug Sep Oct Nov Dec
2008: Jan Feb Mar Apr May Jun Jul Aug Sep Oct Nov Dec
2007: Jan Feb Mar Apr May Jun Jul Aug Sep Oct Nov Dec
2006: Jan Feb Mar Apr May Jun Jul Aug Sep Oct Nov Dec
2005: Jan Feb Mar Apr May Jun Jul Aug Sep Oct Nov Dec
2004: Jan Feb Mar Apr May Jun Jul Aug Sep Oct Nov Dec
2003: Jan Feb Mar Apr May Jun Jul Aug Sep Oct Nov Dec
2002: Jan Feb Mar Apr May Jun Jul Aug Sep Oct Nov Dec
2001: Jan Feb Mar Apr May Jun Jul Aug Sep Oct Nov Dec
2000: Jan Feb Mar Apr May Jun Jul Aug Sep Oct Nov Dec
1999: Jan Feb Mar Apr May Jun Jul Aug Sep Oct Nov Dec
1998: Jan Feb Mar Apr May Jun Jul Aug Sep Oct Nov Dec
1997: Jan Feb Mar Apr May Jun Jul Aug Sep Oct Nov Dec
1996: Jan Feb Mar Apr May Jun Jul Aug Sep Oct Nov Dec
1995: Jan Feb Mar Apr May Jun Jul Aug Sep Oct Nov Dec
1994: Jan Feb Mar Apr May Jun Jul Aug Sep Oct Nov Dec
1993: Jan Feb Mar Apr May Jun Jul Aug Sep Oct Nov Dec
1992: Jan Feb Mar Apr May Jun Jul Aug Sep Oct Nov Dec
1991: Jan Feb Mar Apr May Jun Jul Aug Sep Oct Nov Dec
1990: Jan Feb Mar Apr May Jun Jul Aug Sep Oct Nov Dec
1989: Jan Feb Mar Apr May Jun Jul Aug Sep Oct Nov Dec
1988: Jan Feb Mar Apr May Jun Jul Aug Sep Oct Nov Dec
1987: Jan Feb Mar Apr May Jun Jul Aug Sep Oct Nov Dec
1986: Jan Feb Mar Apr May Jun Jul Aug Sep Oct Nov Dec
1985: Jan Feb Mar Apr May Jun Jul Aug Sep Oct Nov Dec
1984: Jan Feb Mar Apr May Jun Jul Aug Sep Oct Nov Dec
1983: Jan Feb Mar Apr May Jun Jul Aug Sep Oct Nov Dec
1982: Jan Feb Mar Apr May Jun Jul Aug Sep Oct Nov Dec
1981: Jan Feb Mar Apr May Jun Jul Aug Sep Oct Nov Dec
1980: Jan Feb Mar Apr May Jun Jul Aug Sep Oct Nov Dec
1979: Jan Feb Mar Apr May Jun Jul Aug Sep Oct Nov Dec
1978: Jan Feb Mar Apr May Jun Jul Aug Sep Oct Nov Dec
1977: Jan Feb Mar Apr May Jun Jul Aug Sep Oct Nov Dec
1976: Jan Feb Mar Apr May Jun Jul Aug Sep Oct Nov Dec
Report for 2021 September
MONTHLY CLIMATOLOGICAL SUMMARY for Sep 2021 NAME: South Suburban, Klamath Falls, OR ELEV: 4104 feet LAT: 42-10.84 N LONG: 121-44.16 W TEMPERATURE (F), RAIN (in), WIND SPEED (mph) HEAT COOL AVG MEAN DEG DEG WIND DOM DAY TEMP HIGH TIME LOW TIME DAYS DAYS RAIN SPEED HIGH TIME DIR --------------------------------------------------------------------------------------- 01 63.4 82.9 16:31 48.9 06:50 1.6 0.0 0.00 2.7 13.0 23:19 326 02 63.7 81.8 15:22 46.7 07:22 1.3 0.0 0.00 2.8 14.0 00:09 323 03 64.2 86.3 17:12 41.0 06:54 0.8 0.0 0.00 0.9 10.0 00:03 301 04 63.5 88.4 17:24 40.6 06:53 1.5 0.0 0.00 0.9 11.0 15:15 256 05 64.7 92.0 15:47 41.7 06:45 0.3 0.0 0.00 1.1 14.0 15:57 286 06 64.9 93.7 15:15 42.6 06:52 0.1 0.0 0.00 0.4 7.0 13:45 260 07 68.1 98.5 15:55 42.8 06:30 0.0 3.1 0.00 0.9 14.0 18:29 287 08 68.1 90.6 15:27 52.4 05:42 0.0 3.1 0.00 0.6 9.0 10:23 310 09 68.9 91.5 14:15 49.2 07:15 0.0 3.9 0.00 1.2 20.0 14:47 265 10 64.3 76.0 17:19 55.9 06:34 0.7 0.0 0.28 1.1 17.0 14:41 299 11 63.5 83.0 18:10 47.7 07:23 1.5 0.0 0.00 0.9 10.0 08:59 323 12 62.5 83.4 15:40 45.2 07:14 2.5 0.0 0.00 1.5 17.0 15:53 318 13 60.8 81.0 16:08 41.3 06:43 4.2 0.0 0.00 1.7 13.0 17:18 322 14 65.2 91.5 15:15 41.9 07:24 0.0 0.2 0.00 1.1 9.0 03:31 330 15 61.9 84.5 14:52 41.9 06:54 3.1 0.0 0.00 1.7 16.0 16:43 323 16 59.3 78.0 17:27 41.4 05:18 5.7 0.0 0.00 2.0 15.0 08:46 320 17 61.9 84.8 15:57 39.8 06:58 3.1 0.0 0.00 0.9 11.0 16:59 262 18 52.7 58.1 05:42 43.8 23:58 12.3 0.0 0.23 1.0 20.0 09:06 266 19 48.4 60.7 15:21 38.8 02:20 16.6 0.0 0.02 2.2 18.0 15:30 316 20 51.9 74.7 17:11 33.4 06:53 13.1 0.0 0.00 0.9 11.0 14:09 345 21 61.6 88.8 17:10 43.7 07:15 3.4 0.0 0.00 0.6 10.0 14:18 293 22 58.5 78.4 13:42 42.6 05:40 6.5 0.0 0.00 2.2 20.0 16:56 309 23 58.9 82.8 17:12 41.2 03:32 6.1 0.0 0.00 1.3 11.0 10:36 328 24 64.8 91.2 17:12 46.8 05:51 0.2 0.0 0.00 0.7 9.0 13:26 288 25 62.4 88.1 15:57 41.9 07:23 2.6 0.0 0.00 0.6 10.0 16:57 211 26 59.9 81.1 15:14 40.5 07:04 5.1 0.0 0.00 1.2 14.0 16:54 249 27 51.1 66.5 11:31 40.9 23:38 13.9 0.0 0.13 2.1 19.0 16:47 245 28 44.1 56.9 16:51 34.6 07:13 20.9 0.0 0.00 1.0 9.0 12:08 259 29 47.4 72.5 17:32 30.3 07:16 17.6 0.0 0.01 0.5 9.0 15:46 188 30 53.0 79.9 17:38 32.9 07:07 12.0 0.0 0.00 0.5 7.0 12:39 274 --------------------------------------------------------------------------------------- 60.1 98.5 07 30.3 29 156.7 10.3 0.67 1.2 20.0 09 305